Dec 02 07:56:10.106 INFO testing ErickHdez96/RiscVMachine against master#8940af3cea4a9a9deabcaf843b2f8cad9a83fc61 for beta-1.31-5
Dec 02 07:56:10.106 INFO running `"docker" "create" "-v" "/mnt/big/crater/work/local/target-dirs/beta-1.31-5/worker-7/master#8940af3cea4a9a9deabcaf843b2f8cad9a83fc61:/target:rw,Z" "-v" "/mnt/big/crater/work/local/test-source/worker-7/beta-1.31-5/master#8940af3cea4a9a9deabcaf843b2f8cad9a83fc61:/source:ro,Z" "-v" "/mnt/big/crater/work/local/cargo-home:/cargo-home:ro,Z" "-v" "/mnt/big/crater/work/local/rustup-home:/rustup-home:ro,Z" "-e" "USER_ID=1000" "-e" "SOURCE_DIR=/source" "-e" "USER_ID=1000" "-e" "CMD=cargo +8940af3cea4a9a9deabcaf843b2f8cad9a83fc61-alt build --frozen" "-e" "CARGO_TARGET_DIR=/target" "-e" "CARGO_INCREMENTAL=0" "-e" "RUST_BACKTRACE=full" "-e" "RUSTFLAGS=--cap-lints=warn" "-e" "CARGO_HOME=/cargo-home" "-e" "RUSTUP_HOME=/rustup-home" "-m" "1536M" "--network" "none" "crater"`
Dec 02 07:56:10.277 INFO [stdout] f6e6efd9e411902504b5efc86024419ffc211854f134c9bcd97cca63808200b8
Dec 02 07:56:10.279 INFO running `"docker" "start" "-a" "f6e6efd9e411902504b5efc86024419ffc211854f134c9bcd97cca63808200b8"`
Dec 02 07:56:10.732 INFO [stderr] usermod: no changes
Dec 02 07:56:10.780 INFO [stderr]    Compiling risc_v_machine v0.1.0 (/source)
Dec 02 07:56:12.188 INFO [stderr]     Finished dev [unoptimized + debuginfo] target(s) in 1.42s
Dec 02 07:56:12.193 INFO [stderr] su: No module specific data is present
Dec 02 07:56:12.514 INFO running `"docker" "inspect" "f6e6efd9e411902504b5efc86024419ffc211854f134c9bcd97cca63808200b8"`
Dec 02 07:56:12.632 INFO running `"docker" "rm" "-f" "f6e6efd9e411902504b5efc86024419ffc211854f134c9bcd97cca63808200b8"`
Dec 02 07:56:12.710 INFO [stdout] f6e6efd9e411902504b5efc86024419ffc211854f134c9bcd97cca63808200b8
Dec 02 07:56:12.712 INFO running `"docker" "create" "-v" "/mnt/big/crater/work/local/target-dirs/beta-1.31-5/worker-7/master#8940af3cea4a9a9deabcaf843b2f8cad9a83fc61:/target:rw,Z" "-v" "/mnt/big/crater/work/local/test-source/worker-7/beta-1.31-5/master#8940af3cea4a9a9deabcaf843b2f8cad9a83fc61:/source:ro,Z" "-v" "/mnt/big/crater/work/local/cargo-home:/cargo-home:ro,Z" "-v" "/mnt/big/crater/work/local/rustup-home:/rustup-home:ro,Z" "-e" "USER_ID=1000" "-e" "SOURCE_DIR=/source" "-e" "USER_ID=1000" "-e" "CMD=cargo +8940af3cea4a9a9deabcaf843b2f8cad9a83fc61-alt test --frozen --no-run" "-e" "CARGO_TARGET_DIR=/target" "-e" "CARGO_INCREMENTAL=0" "-e" "RUST_BACKTRACE=full" "-e" "RUSTFLAGS=--cap-lints=warn" "-e" "CARGO_HOME=/cargo-home" "-e" "RUSTUP_HOME=/rustup-home" "-m" "1536M" "--network" "none" "crater"`
Dec 02 07:56:12.921 INFO [stdout] b83be19c7bdb23558f2d3e00581694fcc571be29b298d9ed35983c182530196a
Dec 02 07:56:12.925 INFO running `"docker" "start" "-a" "b83be19c7bdb23558f2d3e00581694fcc571be29b298d9ed35983c182530196a"`
Dec 02 07:56:13.851 INFO [stderr] usermod: no changes
Dec 02 07:56:13.901 INFO [stderr]    Compiling risc_v_machine v0.1.0 (/source)
Dec 02 07:56:15.860 INFO [stderr]     Finished dev [unoptimized + debuginfo] target(s) in 1.97s
Dec 02 07:56:15.863 INFO [stderr] su: No module specific data is present
Dec 02 07:56:16.404 INFO running `"docker" "inspect" "b83be19c7bdb23558f2d3e00581694fcc571be29b298d9ed35983c182530196a"`
Dec 02 07:56:16.708 INFO running `"docker" "rm" "-f" "b83be19c7bdb23558f2d3e00581694fcc571be29b298d9ed35983c182530196a"`
Dec 02 07:56:16.971 INFO [stdout] b83be19c7bdb23558f2d3e00581694fcc571be29b298d9ed35983c182530196a
Dec 02 07:56:16.977 INFO running `"docker" "create" "-v" "/mnt/big/crater/work/local/target-dirs/beta-1.31-5/worker-7/master#8940af3cea4a9a9deabcaf843b2f8cad9a83fc61:/target:rw,Z" "-v" "/mnt/big/crater/work/local/test-source/worker-7/beta-1.31-5/master#8940af3cea4a9a9deabcaf843b2f8cad9a83fc61:/source:ro,Z" "-v" "/mnt/big/crater/work/local/cargo-home:/cargo-home:ro,Z" "-v" "/mnt/big/crater/work/local/rustup-home:/rustup-home:ro,Z" "-e" "USER_ID=1000" "-e" "SOURCE_DIR=/source" "-e" "USER_ID=1000" "-e" "CMD=cargo +8940af3cea4a9a9deabcaf843b2f8cad9a83fc61-alt test --frozen" "-e" "CARGO_TARGET_DIR=/target" "-e" "CARGO_INCREMENTAL=0" "-e" "RUST_BACKTRACE=full" "-e" "RUSTFLAGS=--cap-lints=warn" "-e" "CARGO_HOME=/cargo-home" "-e" "RUSTUP_HOME=/rustup-home" "-m" "1536M" "--network" "none" "crater"`
Dec 02 07:56:17.451 INFO [stdout] 7dd830b389c27b94229cf6b3071dd39e9832545e1caa093b6776131c675da863
Dec 02 07:56:17.451 INFO running `"docker" "start" "-a" "7dd830b389c27b94229cf6b3071dd39e9832545e1caa093b6776131c675da863"`
Dec 02 07:56:18.713 INFO [stderr] usermod: no changes
Dec 02 07:56:18.791 INFO [stderr]     Finished dev [unoptimized + debuginfo] target(s) in 0.04s
Dec 02 07:56:18.791 INFO [stderr]      Running /target/debug/deps/risc_v_machine-1ef73ba4968724f8
Dec 02 07:56:18.803 INFO [stdout] 
Dec 02 07:56:18.803 INFO [stdout] running 19 tests
Dec 02 07:56:18.803 INFO [stdout] test into_instruction::tests::test_into_j ... ok
Dec 02 07:56:18.803 INFO [stdout] test into_instruction::tests::test_into_b ... ok
Dec 02 07:56:18.803 INFO [stdout] test into_instruction::tests::test_into_i ... ok
Dec 02 07:56:18.803 INFO [stdout] test into_instruction::tests::test_into_r ... ok
Dec 02 07:56:18.803 INFO [stdout] test machine::tests::test_bltu ... ok
Dec 02 07:56:18.803 INFO [stdout] test machine::tests::test_blt ... ok
Dec 02 07:56:18.803 INFO [stdout] test machine::tests::test_bge ... ok
Dec 02 07:56:18.803 INFO [stdout] test machine::tests::test_bgeu ... ok
Dec 02 07:56:18.803 INFO [stdout] test machine::tests::test_jalr ... ok
Dec 02 07:56:18.803 INFO [stdout] test machine::tests::test_lb ... ok
Dec 02 07:56:18.803 INFO [stdout] test machine::tests::test_lh ... ok
Dec 02 07:56:18.803 INFO [stdout] test machine::tests::test_lui ... ok
Dec 02 07:56:18.803 INFO [stdout] test machine::tests::test_bne ... ok
Dec 02 07:56:18.804 INFO [stdout] test into_instruction::tests::test_into_u ... ok
Dec 02 07:56:18.811 INFO [stdout] test into_instruction::tests::test_into_s ... ok
Dec 02 07:56:18.811 INFO [stdout] test machine::tests::test_beq ... ok
Dec 02 07:56:18.812 INFO [stdout] test machine::tests::test_auipc ... ok
Dec 02 07:56:18.812 INFO [stdout] test machine::tests::test_jal ... ok
Dec 02 07:56:18.863 INFO [stdout] test machine::tests::test_from_file ... FAILED
Dec 02 07:56:18.863 INFO [stdout] 
Dec 02 07:56:18.863 INFO [stdout] failures:
Dec 02 07:56:18.863 INFO [stdout] 
Dec 02 07:56:18.863 INFO [stdout] ---- machine::tests::test_from_file stdout ----
Dec 02 07:56:18.863 INFO [stdout] thread 'machine::tests::test_from_file' panicked at 'Couldn't create file: Os { code: 30, kind: Other, message: "Read-only file system" }', libcore/result.rs:1009:5
Dec 02 07:56:18.863 INFO [stdout] stack backtrace:
Dec 02 07:56:18.863 INFO [stdout]    0:     0x5610036d82ef - std::sys::unix::backtrace::tracing::imp::unwind_backtrace::h3a8b83e1922cbdde
Dec 02 07:56:18.863 INFO [stdout]                                at libstd/sys/unix/backtrace/tracing/gcc_s.rs:49
Dec 02 07:56:18.863 INFO [stdout]    1:     0x5610036e1337 - std::sys_common::backtrace::print::h00d3155a29b4020f
Dec 02 07:56:18.863 INFO [stdout]                                at libstd/sys_common/backtrace.rs:71
Dec 02 07:56:18.863 INFO [stdout]                                at libstd/sys_common/backtrace.rs:59
Dec 02 07:56:18.863 INFO [stdout]    2:     0x5610036dc01f - std::panicking::default_hook::{{closure}}::hd7465c742e79e1bb
Dec 02 07:56:18.863 INFO [stdout]                                at libstd/panicking.rs:211
Dec 02 07:56:18.863 INFO [stdout]    3:     0x5610036dbd1e - std::panicking::default_hook::h9e3966f2aa2a6e12
Dec 02 07:56:18.863 INFO [stdout]                                at libstd/panicking.rs:221
Dec 02 07:56:18.863 INFO [stdout]    4:     0x5610036dc6fe - std::panicking::rust_panic_with_hook::h587f091ae747d080
Dec 02 07:56:18.863 INFO [stdout]                                at libstd/panicking.rs:476
Dec 02 07:56:18.863 INFO [stdout]    5:     0x5610036dc2a1 - std::panicking::continue_panic_fmt::hb3a4fdede87f43a8
Dec 02 07:56:18.863 INFO [stdout]                                at libstd/panicking.rs:390
Dec 02 07:56:18.863 INFO [stdout]    6:     0x5610036dc185 - rust_begin_unwind
Dec 02 07:56:18.863 INFO [stdout]                                at libstd/panicking.rs:325
Dec 02 07:56:18.863 INFO [stdout]    7:     0x56100371c27c - core::panicking::panic_fmt::h6f9cebf5e7474a0b
Dec 02 07:56:18.863 INFO [stdout]                                at libcore/panicking.rs:77
Dec 02 07:56:18.863 INFO [stdout]    8:     0x561003681797 - core::result::unwrap_failed::h5087bc173705c196
Dec 02 07:56:18.863 INFO [stdout]                                at libcore/macros.rs:26
Dec 02 07:56:18.863 INFO [stdout]    9:     0x561003681523 - <core::result::Result<T, E>>::expect::h0dc8df64a85bff97
Dec 02 07:56:18.863 INFO [stdout]                                at libcore/result.rs:835
Dec 02 07:56:18.863 INFO [stdout]   10:     0x56100367c9c8 - risc_v_machine::machine::tests::test_from_file::hfd3e27f7c4804b53
Dec 02 07:56:18.863 INFO [stdout]                                at src/machine.rs:674
Dec 02 07:56:18.863 INFO [stdout]   11:     0x56100367c8b9 - risc_v_machine::machine::tests::test_from_file::{{closure}}::h4431e78c75d910ea
Dec 02 07:56:18.863 INFO [stdout]                                at src/machine.rs:667
Dec 02 07:56:18.863 INFO [stdout]   12:     0x561003680c5d - core::ops::function::FnOnce::call_once::h49a379e5f5f46e7f
Dec 02 07:56:18.863 INFO [stdout]                                at libcore/ops/function.rs:238
Dec 02 07:56:18.863 INFO [stdout]   13:     0x56100368c00e - <F as alloc::boxed::FnBox<A>>::call_box::hac903f91577a156c
Dec 02 07:56:18.863 INFO [stdout]                                at libtest/lib.rs:1468
Dec 02 07:56:18.863 INFO [stdout]                                at libcore/ops/function.rs:238
Dec 02 07:56:18.863 INFO [stdout]                                at liballoc/boxed.rs:672
Dec 02 07:56:18.864 INFO [stdout]   14:     0x5610036ec2e9 - __rust_maybe_catch_panic
Dec 02 07:56:18.864 INFO [stdout]                                at libpanic_unwind/lib.rs:102
Dec 02 07:56:18.864 INFO [stdout]   15:     0x5610036adc62 - std::sys_common::backtrace::__rust_begin_short_backtrace::hb8f0d0309526c184
Dec 02 07:56:18.864 INFO [stdout]                                at libstd/panicking.rs:289
Dec 02 07:56:18.864 INFO [stdout]                                at libstd/panic.rs:392
Dec 02 07:56:18.864 INFO [stdout]                                at libtest/lib.rs:1423
Dec 02 07:56:18.864 INFO [stdout]                                at libstd/sys_common/backtrace.rs:136
Dec 02 07:56:18.864 INFO [stdout]   16:     0x5610036ae714 - std::panicking::try::do_call::hc2f7c8b9a348d8db
Dec 02 07:56:18.864 INFO [stdout]                                at libstd/thread/mod.rs:409
Dec 02 07:56:18.864 INFO [stdout]                                at libstd/panic.rs:313
Dec 02 07:56:18.864 INFO [stdout]                                at libstd/panicking.rs:310
Dec 02 07:56:18.864 INFO [stdout]   17:     0x5610036ec2e9 - __rust_maybe_catch_panic
Dec 02 07:56:18.864 INFO [stdout]                                at libpanic_unwind/lib.rs:102
Dec 02 07:56:18.864 INFO [stdout]   18:     0x56100369b94c - <F as alloc::boxed::FnBox<A>>::call_box::h6bfded618e480b32
Dec 02 07:56:18.864 INFO [stdout]                                at libstd/panicking.rs:289
Dec 02 07:56:18.864 INFO [stdout]                                at libstd/panic.rs:392
Dec 02 07:56:18.864 INFO [stdout]                                at libstd/thread/mod.rs:408
Dec 02 07:56:18.864 INFO [stdout]                                at liballoc/boxed.rs:672
Dec 02 07:56:18.864 INFO [stdout]   19:     0x5610036d9f0d - std::sys_common::thread::start_thread::h4c28257d67cdf9cb
Dec 02 07:56:18.864 INFO [stdout]                                at liballoc/boxed.rs:682
Dec 02 07:56:18.864 INFO [stdout]                                at libstd/sys_common/thread.rs:24
Dec 02 07:56:18.864 INFO [stdout]   20:     0x5610036cf425 - std::sys::unix::thread::Thread::new::thread_start::hfecb2e7eff8fd34f
Dec 02 07:56:18.864 INFO [stdout]                                at libstd/sys/unix/thread.rs:90
Dec 02 07:56:18.864 INFO [stdout]   21:     0x7f69c89b56b9 - start_thread
Dec 02 07:56:18.864 INFO [stdout]   22:     0x7f69c84d541c - clone
Dec 02 07:56:18.864 INFO [stdout]   23:                0x0 - <unknown>
Dec 02 07:56:18.864 INFO [stdout] 
Dec 02 07:56:18.864 INFO [stdout] 
Dec 02 07:56:18.864 INFO [stdout] failures:
Dec 02 07:56:18.864 INFO [stdout]     machine::tests::test_from_file
Dec 02 07:56:18.864 INFO [stdout] 
Dec 02 07:56:18.864 INFO [stdout] test result: FAILED. 18 passed; 1 failed; 0 ignored; 0 measured; 0 filtered out
Dec 02 07:56:18.864 INFO [stdout] 
Dec 02 07:56:18.864 INFO [stderr] error: test failed, to rerun pass '--lib'
Dec 02 07:56:18.865 INFO [stderr] su: No module specific data is present
Dec 02 07:56:19.430 INFO running `"docker" "inspect" "7dd830b389c27b94229cf6b3071dd39e9832545e1caa093b6776131c675da863"`
Dec 02 07:56:19.765 INFO running `"docker" "rm" "-f" "7dd830b389c27b94229cf6b3071dd39e9832545e1caa093b6776131c675da863"`
Dec 02 07:56:19.998 INFO [stdout] 7dd830b389c27b94229cf6b3071dd39e9832545e1caa093b6776131c675da863
